{"id":10953,"date":"2024-04-10T17:54:27","date_gmt":"2024-04-10T15:54:27","guid":{"rendered":"http:\/\/&#038;p=10953"},"modified":"2025-12-02T21:58:56","modified_gmt":"2025-12-02T20:58:56","slug":"","status":"publish","type":"okitalk_video","link":"https:\/\/okitalk.news\/es\/video\/alexander-weber-von-der-einsamkeit-zur-achtsamkeit\/","title":{"rendered":"Alexander Weber \u2013 De la soledad a la atenci\u00f3n plena","raw":"Alexander Weber \u2013 De la soledad a la atenci\u00f3n plena"},"content":{"rendered":"\n<p>De la soledad a la atenci\u00f3n plena.<br>De estar solo a ser solo<\/p>\n\n\n\n<p>Sobre todo en los \u00faltimos a\u00f1os, las personas se han ido alienando cada vez m\u00e1s.<br>Las amistades y relaciones se han roto, la gente ya no sabe<br>a qui\u00e9n o qu\u00e9 creer.<br>En este programa quiero mostrarles caminos para que vuelvan a encontrar su propia fuerza<br>y puedan despertar una nueva confianza en s\u00ed mismos.<br>De estar solo a estar sano.<br>De la herida al milagro.<\/p>\n\n\n\n<p>Estoy emocionado por ustedes.<\/p>\n\n\n\n<p>Saludos cordiales<\/p>\n\n\n\n<p><strong>Alexander Weber<br>Tu mentor en soledad<\/strong><\/p>\n\n\n\n<p><strong>Contacto:<\/strong><\/p>\n\n\n\n<p><strong>Telegram (https:\/\/t.me\/+5dxO71Pf4AU0YjA1)<br>Autoliberado &#8211; liberaci\u00f3n emocional a trav\u00e9s de la respiraci\u00f3n<\/strong><\/p>\n\n\n\n<p><strong>Web:<\/strong> <strong><a href=\"https:\/\/konzeptweber.de\/\">https:\/\/konzeptweber.de\/<\/a><br>alex@konzeptweber.de<br><a href=\"https:\/\/selbstbefreit.konzeptweber.de\">https:\/\/selbstbefreit.konzeptweber.de<\/a><\/strong><\/p>\n\n\n","protected":false,"raw":"<!-- wp:paragraph -->\n<p>De la soledad a la atenci\u00f3n plena.<br>De estar solo a ser solo<\/p>\n<!-- \/wp:paragraph -->\n\n<!-- wp:paragraph -->\n<p>Sobre todo en los \u00faltimos a\u00f1os, las personas se han ido alienando cada vez m\u00e1s.<br>Las amistades y relaciones se han roto, la gente ya no sabe<br>a qui\u00e9n o qu\u00e9 creer.<br>En este programa quiero mostrarles caminos para que vuelvan a encontrar su propia fuerza<br>y puedan despertar una nueva confianza en s\u00ed mismos.<br>De estar solo a estar sano.<br>De la herida al milagro.<\/p>\n<!-- \/wp:paragraph -->\n\n<!-- wp:paragraph -->\n<p>Estoy emocionado por ustedes.<\/p>\n<!-- \/wp:paragraph -->\n\n<!-- wp:paragraph -->\n<p>Saludos cordiales<\/p>\n<!-- \/wp:paragraph -->\n\n<!-- wp:paragraph -->\n<p><strong>Alexander Weber<br>Tu mentor en soledad<\/strong><\/p>\n<!-- \/wp:paragraph -->\n\n<!-- wp:paragraph -->\n<p><strong>Contacto:<\/strong><\/p>\n<!-- \/wp:paragraph -->\n\n<!-- wp:paragraph -->\n<p><strong>Telegram (https:\/\/t.me\/+5dxO71Pf4AU0YjA1)<br>Autoliberado - liberaci\u00f3n emocional a trav\u00e9s de la respiraci\u00f3n<\/strong><\/p>\n<!-- \/wp:paragraph -->\n\n<!-- wp:paragraph -->\n<p><strong>Web:<\/strong> <strong><a href=\"https:\/\/konzeptweber.de\/\">https:\/\/konzeptweber.de\/<\/a><br>alex@konzeptweber.de<br><a href=\"https:\/\/selbstbefreit.konzeptweber.de\">https:\/\/selbstbefreit.konzeptweber.de<\/a><\/strong><\/p>\n<!-- \/wp:paragraph -->\n\n<!-- wp:block {\"ref\":9677} \/-->"},"excerpt":{"rendered":"","protected":false,"raw":""},"featured_media":10954,"menu_order":0,"comment_status":"open","ping_status":"closed","template":"","tags":[],"okitalk_topic":[9],"okitalk_guest":[],"class_list":["post-10953","okitalk_video","type-okitalk_video","status-publish","has-post-thumbnail","hentry","okitalk_topic-health-healing"],"meta":{"_en_post_content":"<!-- wp:paragraph -->\n<p>From loneliness to mindfulness.<br>From being alone to being alone<\/p>\n<!-- \/wp:paragraph -->\n\n<!-- wp:paragraph -->\n<p>Especially in recent years, people have become more and more alienated.<br>Friendships and relationships have broken down, people no longer know<br>who or what to believe.<br>In this program, I want to show you ways to find your own strength again<br>and awaken new trust in yourself.<br>From being alone to being whole.<br>From the wound to the miracle.<\/p>\n<!-- \/wp:paragraph -->\n\n<!-- wp:paragraph -->\n<p>I look forward to seeing you.<\/p>\n<!-- \/wp:paragraph -->\n\n<!-- wp:paragraph -->\n<p>Best regards<\/p>\n<!-- \/wp:paragraph -->\n\n<!-- wp:paragraph -->\n<p><strong>Alexander Weber<br>Your mentor in loneliness<\/strong><\/p>\n<!-- \/wp:paragraph -->\n\n<!-- wp:paragraph -->\n<p><strong>Contact:<\/strong><\/p>\n<!-- \/wp:paragraph -->\n\n<!-- wp:paragraph -->\n<p><strong>Telegram (https:\/\/t.me\/+5dxO71Pf4AU0YjA1)<br>Self-liberated - emotional letting go through breathing<\/strong><\/p>\n<!-- \/wp:paragraph -->\n\n<!-- wp:paragraph -->\n<p><strong>Web:<\/strong> <strong><a href=\"https:\/\/konzeptweber.de\/\">https:\/\/konzeptweber.de\/<\/a><br>alex@konzeptweber.de<br><a href=\"https:\/\/selbstbefreit.konzeptweber.de\">https:\/\/selbstbefreit.konzeptweber.de<\/a><\/strong><\/p>\n<!-- \/wp:paragraph -->\n\n<!-- wp:block {\"ref\":9677} \/-->","_en_post_excerpt":"","_en_post_title":"Alexander Weber \u2013 From Loneliness to Mindfulness","_en_post_name":"","_de_post_content":"<!-- wp:paragraph -->\n<p>Von der Einsamkeit zur Achtsamkeit.<br>Aus dem allein sein zum allein(s)ein<\/p>\n<!-- \/wp:paragraph -->\n\n\n\n<!-- wp:paragraph -->\n<p>Vor allem in den letzten Jahren haben sich Menschen mehr und mehr entfremdet.<br>Freundschaften und Beziehungen gingen in die Br\u00fcche, die Menschen wissen nicht mehr<br>wem oder was sie glauben sollen.<br>In dieser Sendung m\u00f6chte ich euch Wege zeigen, wie ihr wieder zu eurer eigenen St\u00e4rke findet<br>und neues Vertrauen in euch selbst erwecken k\u00f6nnt.<br>Vom allein sein zum heil sein.<br>Von der Wunde zum Wunder.<\/p>\n<!-- \/wp:paragraph -->\n\n<!-- wp:paragraph -->\n<p>Ich freue mich auf euch.<\/p>\n<!-- \/wp:paragraph -->\n\n<!-- wp:paragraph -->\n<p>Herzliche Gr\u00fc\u00dfe<\/p>\n<!-- \/wp:paragraph -->\n\n<!-- wp:paragraph -->\n<p><strong>Alexander Weber<br>Dein Mentor bei Einsamkeit<\/strong><\/p>\n<!-- \/wp:paragraph -->\n\n<!-- wp:paragraph -->\n<p><strong>Kontakt:<\/strong><\/p>\n<!-- \/wp:paragraph -->\n\n<!-- wp:paragraph -->\n<p><strong>Telegram (https:\/\/t.me\/+5dxO71Pf4AU0YjA1)<br>Selbstbefreit - emotionales loslassen durch atmen<\/strong><\/p>\n<!-- \/wp:paragraph -->\n\n<!-- wp:paragraph -->\n<p><strong>Web:<\/strong> <strong><a href=\"https:\/\/konzeptweber.de\/\">https:\/\/konzeptweber.de\/<\/a><br>alex@konzeptweber.de<br><a href=\"https:\/\/selbstbefreit.konzeptweber.de\">https:\/\/selbstbefreit.konzeptweber.de<\/a><\/strong><\/p>\n<!-- \/wp:paragraph -->\n\n<!-- wp:block {\"ref\":9677} \/-->","_de_post_excerpt":"","_de_post_title":"Alexander Weber \u2013 Von der Einsamkeit zur Achtsamkeit","_de_post_name":"alexander-weber-von-der-einsamkeit-zur-achtsamkeit","edit_language":"es"},"_links":{"self":[{"href":"https:\/\/okitalk.news\/es\/wp-json\/wp\/v2\/okitalk_video\/10953","targetHints":{"allow":["GET"]}}],"collection":[{"href":"https:\/\/okitalk.news\/es\/wp-json\/wp\/v2\/okitalk_video"}],"about":[{"href":"https:\/\/okitalk.news\/es\/wp-json\/wp\/v2\/types\/okitalk_video"}],"replies":[{"embeddable":true,"href":"https:\/\/okitalk.news\/es\/wp-json\/wp\/v2\/comments?post=10953"}],"version-history":[{"count":0,"href":"https:\/\/okitalk.news\/es\/wp-json\/wp\/v2\/okitalk_video\/10953\/revisions"}],"wp:featuredmedia":[{"embeddable":true,"href":"https:\/\/okitalk.news\/es\/wp-json\/wp\/v2\/media\/10954"}],"wp:attachment":[{"href":"https:\/\/okitalk.news\/es\/wp-json\/wp\/v2\/media?parent=10953"}],"wp:term":[{"taxonomy":"post_tag","embeddable":true,"href":"https:\/\/okitalk.news\/es\/wp-json\/wp\/v2\/tags?post=10953"},{"taxonomy":"okitalk_topic","embeddable":true,"href":"https:\/\/okitalk.news\/es\/wp-json\/wp\/v2\/okitalk_topic?post=10953"},{"taxonomy":"okitalk_guest","embeddable":true,"href":"https:\/\/okitalk.news\/es\/wp-json\/wp\/v2\/okitalk_guest?post=10953"}],"curies":[{"name":"wp","href":"https:\/\/api.w.org\/{rel}","templated":true}]}}

Alexander Weber – De la soledad a la atención plena

<p>De la soledad a la atención plena.<br>De estar solo a ser solo</p>



<p>Sobre todo en los últimos años, las personas se han ido alienando cada vez más.<br>Las amistades y relaciones se han roto, la gente ya no sabe<br>a quién o qué creer.<br>En este programa quiero mostrarles caminos para que vuelvan a encontrar su propia fuerza<br>y puedan despertar una nueva confianza en sí mismos.<br>De estar solo a estar sano.<br>De la herida al milagro.</p>



<p>Estoy emocionado por ustedes.</p>



<p>Saludos cordiales</p>



<p><strong>Alexander Weber<br>Tu mentor en soledad</strong></p>



<p><strong>Contacto:</strong></p>



<p><strong>Telegram (https://t.me/+5dxO71Pf4AU0YjA1)<br>Autoliberado &#8211; liberación emocional a través de la respiración</strong></p>



<p><strong>Web:</strong> <strong><a href="https://konzeptweber.de/">https://konzeptweber.de/</a><br>alex@konzeptweber.de<br><a href="https://selbstbefreit.konzeptweber.de">https://selbstbefreit.konzeptweber.de</a></strong></p>

<!-- wp:paragraph -->
<p>De la soledad a la atención plena.<br>De estar solo a ser solo</p>
<!-- /wp:paragraph -->

<!-- wp:paragraph -->
<p>Sobre todo en los últimos años, las personas se han ido alienando cada vez más.<br>Las amistades y relaciones se han roto, la gente ya no sabe<br>a quién o qué creer.<br>En este programa quiero mostrarles caminos para que vuelvan a encontrar su propia fuerza<br>y puedan despertar una nueva confianza en sí mismos.<br>De estar solo a estar sano.<br>De la herida al milagro.</p>
<!-- /wp:paragraph -->

<!-- wp:paragraph -->
<p>Estoy emocionado por ustedes.</p>
<!-- /wp:paragraph -->

<!-- wp:paragraph -->
<p>Saludos cordiales</p>
<!-- /wp:paragraph -->

<!-- wp:paragraph -->
<p><strong>Alexander Weber<br>Tu mentor en soledad</strong></p>
<!-- /wp:paragraph -->

<!-- wp:paragraph -->
<p><strong>Contacto:</strong></p>
<!-- /wp:paragraph -->

<!-- wp:paragraph -->
<p><strong>Telegram (https://t.me/+5dxO71Pf4AU0YjA1)<br>Autoliberado - liberación emocional a través de la respiración</strong></p>
<!-- /wp:paragraph -->

<!-- wp:paragraph -->
<p><strong>Web:</strong> <strong><a href="https://konzeptweber.de/">https://konzeptweber.de/</a><br>alex@konzeptweber.de<br><a href="https://selbstbefreit.konzeptweber.de">https://selbstbefreit.konzeptweber.de</a></strong></p>
<!-- /wp:paragraph -->

<!-- wp:block {"ref":9677} /-->

<!-- wp:paragraph -->
<p>Von der Einsamkeit zur Achtsamkeit.<br>Aus dem allein sein zum allein(s)ein</p>
<!-- /wp:paragraph -->



<!-- wp:paragraph -->
<p>Vor allem in den letzten Jahren haben sich Menschen mehr und mehr entfremdet.<br>Freundschaften und Beziehungen gingen in die Brüche, die Menschen wissen nicht mehr<br>wem oder was sie glauben sollen.<br>In dieser Sendung möchte ich euch Wege zeigen, wie ihr wieder zu eurer eigenen Stärke findet<br>und neues Vertrauen in euch selbst erwecken könnt.<br>Vom allein sein zum heil sein.<br>Von der Wunde zum Wunder.</p>
<!-- /wp:paragraph -->

<!-- wp:paragraph -->
<p>Ich freue mich auf euch.</p>
<!-- /wp:paragraph -->

<!-- wp:paragraph -->
<p>Herzliche Grüße</p>
<!-- /wp:paragraph -->

<!-- wp:paragraph -->
<p><strong>Alexander Weber<br>Dein Mentor bei Einsamkeit</strong></p>
<!-- /wp:paragraph -->

<!-- wp:paragraph -->
<p><strong>Kontakt:</strong></p>
<!-- /wp:paragraph -->

<!-- wp:paragraph -->
<p><strong>Telegram (https://t.me/+5dxO71Pf4AU0YjA1)<br>Selbstbefreit - emotionales loslassen durch atmen</strong></p>
<!-- /wp:paragraph -->

<!-- wp:paragraph -->
<p><strong>Web:</strong> <strong><a href="https://konzeptweber.de/">https://konzeptweber.de/</a><br>alex@konzeptweber.de<br><a href="https://selbstbefreit.konzeptweber.de">https://selbstbefreit.konzeptweber.de</a></strong></p>
<!-- /wp:paragraph -->

<!-- wp:block {"ref":9677} /-->
