{"id":17276,"date":"2026-09-02T03:40:21","date_gmt":"2026-09-02T01:40:21","guid":{"rendered":"https:\/\/okitalk.news\/de\/video\/39e328\/automatisch-gespeicherter-entwurf\/"},"modified":"2026-09-02T03:40:55","modified_gmt":"2026-09-02T01:40:55","slug":"","status":"publish","type":"okitalk_video","link":"https:\/\/okitalk.news\/en\/video\/friedensbewegung-auf-okitalk\/","title":{"rendered":"Peace Movement on OKiTALK","raw":"Peace Movement on OKiTALK"},"content":{"rendered":"\n<p class=\"wp-block-paragraph\"><strong>This broadcast is under construction. More information will follow shortly.<\/strong><\/p>\n\n\n\n<p class=\"wp-block-paragraph\">It is desired externally that the Germans and the population of Germany<\/p>\n\n\n\n<p class=\"wp-block-paragraph\">express themselves for peace with Russia and the other peoples and to<\/p>\n\n\n\n<p class=\"wp-block-paragraph\">use and raise their rightful voice.<\/p>\n\n\n\n<p class=\"wp-block-paragraph\">\u201cWar is cruel, peace is human\u201d!<\/p>\n\n\n\n<p class=\"wp-block-paragraph\">Hereby, every person can declare their sovereign and clear will:<\/p>\n\n\n\n<p class=\"wp-block-paragraph\">We are not at war with Russia or the \u201cUnited States of America,\u201d<\/p>\n\n\n\n<p class=\"wp-block-paragraph\">we want world peace for all people and nations.<\/p>\n\n\n\n<p class=\"wp-block-paragraph\"><\/p>\n\n\n\n<figure class=\"wp-block-embed is-type-wp-embed is-provider-www-friedens-referendum-org wp-block-embed-www-friedens-referendum-org\"><div class=\"wp-block-embed__wrapper\">\n<blockquote class=\"wp-embedded-content\" data-secret=\"HwrG62KJja\"><a href=\"https:\/\/friedens-referendum.org\/\">Startseite<\/a><\/blockquote><iframe loading=\"lazy\" class=\"wp-embedded-content\" sandbox=\"allow-scripts\" security=\"restricted\" style=\"position: absolute; visibility: hidden;\" title=\"\u201eStartseite\u201c \u2013 www.friedens-referendum.org\" src=\"https:\/\/friedens-referendum.org\/embed\/#?secret=UlTEZOei6M#?secret=HwrG62KJja\" data-secret=\"HwrG62KJja\" width=\"500\" height=\"282\" frameborder=\"0\" marginwidth=\"0\" marginheight=\"0\" scrolling=\"no\"><\/iframe>\n<\/div><\/figure>\n","protected":false,"raw":"<!-- wp:paragraph -->\n<p><strong>This broadcast is under construction. More information will follow shortly.<\/strong><\/p>\n<!-- \/wp:paragraph -->\n\n<!-- wp:paragraph -->\n<p>It is desired externally that the Germans and the population of Germany<\/p>\n<!-- \/wp:paragraph -->\n\n<!-- wp:paragraph -->\n<p>express themselves for peace with Russia and the other peoples and to<\/p>\n<!-- \/wp:paragraph -->\n\n<!-- wp:paragraph -->\n<p>use and raise their rightful voice.<\/p>\n<!-- \/wp:paragraph -->\n\n<!-- wp:paragraph -->\n<p>\u201cWar is cruel, peace is human\u201d!<\/p>\n<!-- \/wp:paragraph -->\n\n<!-- wp:paragraph -->\n<p>Hereby, every person can declare their sovereign and clear will:<\/p>\n<!-- \/wp:paragraph -->\n\n<!-- wp:paragraph -->\n<p>We are not at war with Russia or the \u201cUnited States of America,\u201d<\/p>\n<!-- \/wp:paragraph -->\n\n<!-- wp:paragraph -->\n<p>we want world peace for all people and nations.<\/p>\n<!-- \/wp:paragraph -->\n\n<!-- wp:paragraph -->\n<p><\/p>\n<!-- \/wp:paragraph -->\n\n<!-- wp:embed {\"url\":\"https:\/\/friedens-referendum.org\/\",\"type\":\"wp-embed\",\"providerNameSlug\":\"www-friedens-referendum-org\"} -->\n<figure class=\"wp-block-embed is-type-wp-embed is-provider-www-friedens-referendum-org wp-block-embed-www-friedens-referendum-org\"><div class=\"wp-block-embed__wrapper\">\nhttps:\/\/friedens-referendum.org\/\n<\/div><\/figure>\n<!-- \/wp:embed -->"},"excerpt":{"rendered":"","protected":false,"raw":""},"featured_media":17277,"menu_order":0,"comment_status":"open","ping_status":"closed","template":"","tags":[2347,34],"okitalk_topic":[],"okitalk_guest":[],"class_list":["post-17276","okitalk_video","type-okitalk_video","status-publish","has-post-thumbnail","hentry","tag-friedesnsbewegung-deutschland","tag-okitalk"],"meta":{"_de_post_content":"<!-- wp:paragraph -->\n<p><strong>Diese Sendung befindet sich im Aufbau. Mehr Infos folgen in K\u00fcrze.<\/strong><\/p>\n<!-- \/wp:paragraph -->\n\n<!-- wp:paragraph -->\n<p>Es ist im Au\u00dfen erw\u00fcnscht, dass die Deutschen und die Bev\u00f6lkerung Deutschlands<\/p>\n<!-- \/wp:paragraph -->\n\n<!-- wp:paragraph -->\n<p>sich f\u00fcr den Frieden mit Russland und den anderen V\u00f6lkern aussprechen und dazu<\/p>\n<!-- \/wp:paragraph -->\n\n<!-- wp:paragraph -->\n<p>ihre rechtm\u00e4\u00dfige Stimme nutzen und erheben.<\/p>\n<!-- \/wp:paragraph -->\n\n<!-- wp:paragraph -->\n<p>\u201eKrieg ist grausam, Frieden ist menschlich\u201c!<\/p>\n<!-- \/wp:paragraph -->\n\n<!-- wp:paragraph -->\n<p>Hiermit kann jeder Mensch seinen souver\u00e4nen und klaren Willen erkl\u00e4ren :<\/p>\n<!-- \/wp:paragraph -->\n\n<!-- wp:paragraph -->\n<p>Wir sind nicht im Krieg mit Russland oder den \u201eUnited States of America\u201c,<\/p>\n<!-- \/wp:paragraph -->\n\n<!-- wp:paragraph -->\n<p>wir wollen den Weltfrieden f\u00fcr alle Menschen und V\u00f6lker.<\/p>\n<!-- \/wp:paragraph -->\n\n<!-- wp:paragraph -->\n<p><\/p>\n<!-- \/wp:paragraph -->\n\n<!-- wp:embed {\"url\":\"https:\/\/friedens-referendum.org\/\",\"type\":\"wp-embed\",\"providerNameSlug\":\"www-friedens-referendum-org\"} -->\n<figure class=\"wp-block-embed is-type-wp-embed is-provider-www-friedens-referendum-org wp-block-embed-www-friedens-referendum-org\"><div class=\"wp-block-embed__wrapper\">\nhttps:\/\/friedens-referendum.org\/\n<\/div><\/figure>\n<!-- \/wp:embed -->","_de_post_excerpt":"","_de_post_title":"Friedensbewegung auf OKiTALK","_de_post_name":"friedensbewegung-auf-okitalk","_es_post_content":"<!-- wp:paragraph -->\n<p><strong>Este programa est\u00e1 en construcci\u00f3n. M\u00e1s informaci\u00f3n seguir\u00e1 en breve.<\/strong><\/p>\n<!-- \/wp:paragraph -->\n\n<!-- wp:paragraph -->\n<p>Se desea en el exterior que los alemanes y la poblaci\u00f3n de Alemania<\/p>\n<!-- \/wp:paragraph -->\n\n<!-- wp:paragraph -->\n<p>se pronuncien por la paz con Rusia y los otros pueblos y para ello<\/p>\n<!-- \/wp:paragraph -->\n\n<!-- wp:paragraph -->\n<p>utilicen y levanten su leg\u00edtima voz.<\/p>\n<!-- \/wp:paragraph -->\n\n<!-- wp:paragraph -->\n<p>\u201c\u00a1La guerra es cruel, la paz es humana\u201d!<\/p>\n<!-- \/wp:paragraph -->\n\n<!-- wp:paragraph -->\n<p>Con esto, cada persona puede declarar su voluntad soberana y clara:<\/p>\n<!-- \/wp:paragraph -->\n\n<!-- wp:paragraph -->\n<p>No estamos en guerra con Rusia ni con los \u201cEstados Unidos de Am\u00e9rica\u201d,<\/p>\n<!-- \/wp:paragraph -->\n\n<!-- wp:paragraph -->\n<p>queremos la paz mundial para todas las personas y pueblos.<\/p>\n<!-- \/wp:paragraph -->\n\n<!-- wp:paragraph -->\n<p><\/p>\n<!-- \/wp:paragraph -->\n\n<!-- wp:embed {\"url\":\"https:\/\/friedens-referendum.org\/\",\"type\":\"wp-embed\",\"providerNameSlug\":\"www-friedens-referendum-org\"} -->\n<figure class=\"wp-block-embed is-type-wp-embed is-provider-www-friedens-referendum-org wp-block-embed-www-friedens-referendum-org\"><div class=\"wp-block-embed__wrapper\">\nhttps:\/\/friedens-referendum.org\/\n<\/div><\/figure>\n<!-- \/wp:embed -->","_es_post_excerpt":"","_es_post_title":"Movimiento por la paz en OKiTALK","_es_post_name":"","edit_language":"en"},"_links":{"self":[{"href":"https:\/\/okitalk.news\/en\/wp-json\/wp\/v2\/okitalk_video\/17276","targetHints":{"allow":["GET"]}}],"collection":[{"href":"https:\/\/okitalk.news\/en\/wp-json\/wp\/v2\/okitalk_video"}],"about":[{"href":"https:\/\/okitalk.news\/en\/wp-json\/wp\/v2\/types\/okitalk_video"}],"replies":[{"embeddable":true,"href":"https:\/\/okitalk.news\/en\/wp-json\/wp\/v2\/comments?post=17276"}],"version-history":[{"count":1,"href":"https:\/\/okitalk.news\/en\/wp-json\/wp\/v2\/okitalk_video\/17276\/revisions"}],"predecessor-version":[{"id":17278,"href":"https:\/\/okitalk.news\/en\/wp-json\/wp\/v2\/okitalk_video\/17276\/revisions\/17278"}],"wp:featuredmedia":[{"embeddable":true,"href":"https:\/\/okitalk.news\/en\/wp-json\/wp\/v2\/media\/17277"}],"wp:attachment":[{"href":"https:\/\/okitalk.news\/en\/wp-json\/wp\/v2\/media?parent=17276"}],"wp:term":[{"taxonomy":"post_tag","embeddable":true,"href":"https:\/\/okitalk.news\/en\/wp-json\/wp\/v2\/tags?post=17276"},{"taxonomy":"okitalk_topic","embeddable":true,"href":"https:\/\/okitalk.news\/en\/wp-json\/wp\/v2\/okitalk_topic?post=17276"},{"taxonomy":"okitalk_guest","embeddable":true,"href":"https:\/\/okitalk.news\/en\/wp-json\/wp\/v2\/okitalk_guest?post=17276"}],"curies":[{"name":"wp","href":"https:\/\/api.w.org\/{rel}","templated":true}]}}

<!-- wp:paragraph -->
<p><strong>Diese Sendung befindet sich im Aufbau. Mehr Infos folgen in Kürze.</strong></p>
<!-- /wp:paragraph -->

<!-- wp:paragraph -->
<p>Es ist im Außen erwünscht, dass die Deutschen und die Bevölkerung Deutschlands</p>
<!-- /wp:paragraph -->

<!-- wp:paragraph -->
<p>sich für den Frieden mit Russland und den anderen Völkern aussprechen und dazu</p>
<!-- /wp:paragraph -->

<!-- wp:paragraph -->
<p>ihre rechtmäßige Stimme nutzen und erheben.</p>
<!-- /wp:paragraph -->

<!-- wp:paragraph -->
<p>„Krieg ist grausam, Frieden ist menschlich“!</p>
<!-- /wp:paragraph -->

<!-- wp:paragraph -->
<p>Hiermit kann jeder Mensch seinen souveränen und klaren Willen erklären :</p>
<!-- /wp:paragraph -->

<!-- wp:paragraph -->
<p>Wir sind nicht im Krieg mit Russland oder den „United States of America“,</p>
<!-- /wp:paragraph -->

<!-- wp:paragraph -->
<p>wir wollen den Weltfrieden für alle Menschen und Völker.</p>
<!-- /wp:paragraph -->

<!-- wp:paragraph -->
<p></p>
<!-- /wp:paragraph -->

<!-- wp:embed {"url":"https://friedens-referendum.org/","type":"wp-embed","providerNameSlug":"www-friedens-referendum-org"} -->
<figure class="wp-block-embed is-type-wp-embed is-provider-www-friedens-referendum-org wp-block-embed-www-friedens-referendum-org"><div class="wp-block-embed__wrapper">
https://friedens-referendum.org/
</div></figure>
<!-- /wp:embed -->

<!-- wp:paragraph -->
<p><strong>Este programa está en construcción. Más información seguirá en breve.</strong></p>
<!-- /wp:paragraph -->

<!-- wp:paragraph -->
<p>Se desea en el exterior que los alemanes y la población de Alemania</p>
<!-- /wp:paragraph -->

<!-- wp:paragraph -->
<p>se pronuncien por la paz con Rusia y los otros pueblos y para ello</p>
<!-- /wp:paragraph -->

<!-- wp:paragraph -->
<p>utilicen y levanten su legítima voz.</p>
<!-- /wp:paragraph -->

<!-- wp:paragraph -->
<p>“¡La guerra es cruel, la paz es humana”!</p>
<!-- /wp:paragraph -->

<!-- wp:paragraph -->
<p>Con esto, cada persona puede declarar su voluntad soberana y clara:</p>
<!-- /wp:paragraph -->

<!-- wp:paragraph -->
<p>No estamos en guerra con Rusia ni con los “Estados Unidos de América”,</p>
<!-- /wp:paragraph -->

<!-- wp:paragraph -->
<p>queremos la paz mundial para todas las personas y pueblos.</p>
<!-- /wp:paragraph -->

<!-- wp:paragraph -->
<p></p>
<!-- /wp:paragraph -->

<!-- wp:embed {"url":"https://friedens-referendum.org/","type":"wp-embed","providerNameSlug":"www-friedens-referendum-org"} -->
<figure class="wp-block-embed is-type-wp-embed is-provider-www-friedens-referendum-org wp-block-embed-www-friedens-referendum-org"><div class="wp-block-embed__wrapper">
https://friedens-referendum.org/
</div></figure>
<!-- /wp:embed -->
