{"id":17311,"date":"2026-09-05T16:29:53","date_gmt":"2026-09-05T14:29:53","guid":{"rendered":"https:\/\/okitalk.news\/de\/video\/aaa4b3\/automatisch-gespeicherter-entwurf\/"},"modified":"2026-09-05T16:36:55","modified_gmt":"2026-09-05T14:36:55","slug":"sensation%f0%9f%92%a5oliver-janich-gewinnt-vor-gericht-sass-er-zu-unrecht-in-haft","status":"publish","type":"okitalk_video","link":"https:\/\/okitalk.news\/de\/video\/sensation%f0%9f%92%a5oliver-janich-gewinnt-vor-gericht-sass-er-zu-unrecht-in-haft\/","title":{"rendered":"Sensation!\ud83d\udca5Oliver Janich gewinnt vor Gericht \u2013 Sa\u00df er zu Unrecht in Haft?"},"content":{"rendered":"\n<p class=\"wp-block-paragraph\">Eine juristische Sensation erzielte jetzt Aufkl\u00e4rungs-Journalist Oliver Janich. Er gewann eine Verfassungsbeschwerde gegen den Freistaat Bayern vor dem Bundesverfassungsgericht in Karlsruhe.<\/p>\n\n\n\n<p class=\"wp-block-paragraph\">Sa\u00df Janich damit f\u00fcnf Monate rechtswidrig in Haft? Ihm war unter anderem vorgeworfen worden, in der Corona-Zeit zur T\u00f6tung deutscher Regierungsmitglieder aufgerufen zu haben. Doch ist an diesen Vorw\u00fcrfen \u00fcberhaupt etwas dran?<\/p>\n\n\n\n<p class=\"wp-block-paragraph\"><strong>Im AUF1-Exklusivinterview sprechen jetzt Oliver Janich \u2013 und sein Verteidiger Markus Haintz.<\/strong><br>\u27a1\ufe0f<a href=\" https:\/\/auf1.tv\/nachrichten-auf1\/sensation-oliver-janich-gewinnt-vor-gericht-sass-er-zu-unrecht-in-haft\"> <strong>https:\/\/auf1.tv\/nachrichten-auf1\/sensation-oliver-janich-gewinnt-vor-gericht-sass-er-zu-unrecht-in-haft<\/strong><\/a><\/p>\n\n\n\n<p class=\"wp-block-paragraph\">\u00dcbernommen von <a href=\"https:\/\/t.me\/Haintz\/59274\">Haintz Media.<\/a><\/p>\n\n\n\n<p class=\"wp-block-paragraph\">Anmerkung von mir: Grandioser Sieg f\u00fcr die gesamte Wahrheitsbewegung. Viele Dissidenten wurden ja schon ins Ausland vertrieben, auch einige von denen man es gar nicht wei\u00df. Es ist jetzt viel unwahrscheinlicher, dass sie diesen Trick nochmal probieren.<\/p>\n\n\n\n<p class=\"wp-block-paragraph\"><strong>Zum Teilen auf X: <a href=\"https:\/\/x.com\/OliverJanich\/status\/2095557339197874657\">https:\/\/x.com\/OliverJanich\/status\/2095557339197874657<\/a><\/strong><\/p>\n","protected":false},"excerpt":{"rendered":"<p>Eine juristische Sensation erzielte jetzt Aufkl\u00e4rungs-Journalist Oliver Janich. Er gewann eine Verfassungsbeschwerde gegen den Freistaat Bayern vor dem Bundesverfassungsgericht in Karlsruhe. Sa\u00df Janich damit f\u00fcnf Monate rechtswidrig in Haft? Ihm war unter anderem vorgeworfen worden, in der Corona-Zeit zur T\u00f6tung deutscher Regierungsmitglieder aufgerufen zu haben. Doch ist an diesen Vorw\u00fcrfen \u00fcberhaupt etwas dran? Im AUF1-Exklusivinterview [&hellip;]<\/p>\n","protected":false},"featured_media":17055,"menu_order":0,"comment_status":"open","ping_status":"closed","template":"","tags":[2360,2361,34,498],"okitalk_topic":[16,22],"okitalk_guest":[],"class_list":["post-17311","okitalk_video","type-okitalk_video","status-publish","has-post-thumbnail","hentry","tag-auf1","tag-markus-haintz","tag-okitalk","tag-oliver-janich","okitalk_topic-okitalk-international","okitalk_topic-politics-geopolitics"],"meta":{"_en_post_content":"<!-- wp:paragraph -->\n<p>A legal sensation was achieved by investigative journalist Oliver Janich. He won a constitutional complaint against the Free State of Bavaria before the Federal Constitutional Court in Karlsruhe.<\/p>\n<!-- \/wp:paragraph -->\n\n<!-- wp:paragraph -->\n<p>Was Janich thus unlawfully imprisoned for five months? He had been accused, among other things, of calling for the killing of German government members during the Corona period. But is there any substance to these accusations?<\/p>\n<!-- \/wp:paragraph -->\n\n<!-- wp:paragraph -->\n<p><strong>In the AUF1 exclusive interview, Oliver Janich \u2013 and his defender Markus Haintz \u2013 speak now.<\/strong><br>\u27a1\ufe0f<a href=\"https:\/\/auf1.tv\/nachrichten-auf1\/sensation-oliver-janich-gewinnt-vor-gericht-sass-er-zu-unrecht-in-haft\"> <strong>https:\/\/auf1.tv\/nachrichten-auf1\/sensation-oliver-janich-gewinnt-vor-gericht-sass-er-zu-unrecht-in-haft<\/strong><\/a><\/p>\n<!-- \/wp:paragraph -->\n\n<!-- wp:paragraph -->\n<p>Copied from <a href=\"https:\/\/t.me\/Haintz\/59274\">Haintz Media.<\/a><\/p>\n<!-- \/wp:paragraph -->\n\n<!-- wp:paragraph -->\n<p>My note: A magnificent victory for the entire truth movement. Many dissidents have already been driven abroad, including some of whom one does not even know. It is now much less likely that they will try this trick again.<\/p>\n<!-- \/wp:paragraph -->\n\n<!-- wp:paragraph -->\n<p><strong>To share on X: <a href=\"https:\/\/x.com\/OliverJanich\/status\/2095557339197874657\">https:\/\/x.com\/OliverJanich\/status\/2095557339197874657<\/a><\/strong><\/p>\n<!-- \/wp:paragraph -->","_en_post_excerpt":"","_en_post_title":"Sensation!\ud83d\udca5Oliver Janich wins in court \u2013 Was he wrongfully imprisoned?","_en_post_name":"","_de_post_content":"<!-- wp:paragraph -->\n<p>Eine juristische Sensation erzielte jetzt Aufkl\u00e4rungs-Journalist Oliver Janich. Er gewann eine Verfassungsbeschwerde gegen den Freistaat Bayern vor dem Bundesverfassungsgericht in Karlsruhe.<\/p>\n<!-- \/wp:paragraph -->\n\n<!-- wp:paragraph -->\n<p>Sa\u00df Janich damit f\u00fcnf Monate rechtswidrig in Haft? Ihm war unter anderem vorgeworfen worden, in der Corona-Zeit zur T\u00f6tung deutscher Regierungsmitglieder aufgerufen zu haben. Doch ist an diesen Vorw\u00fcrfen \u00fcberhaupt etwas dran?<\/p>\n<!-- \/wp:paragraph -->\n\n<!-- wp:paragraph -->\n<p><strong>Im AUF1-Exklusivinterview sprechen jetzt Oliver Janich \u2013 und sein Verteidiger Markus Haintz.<\/strong><br>\u27a1\ufe0f<a href=\" https:\/\/auf1.tv\/nachrichten-auf1\/sensation-oliver-janich-gewinnt-vor-gericht-sass-er-zu-unrecht-in-haft\"> <strong>https:\/\/auf1.tv\/nachrichten-auf1\/sensation-oliver-janich-gewinnt-vor-gericht-sass-er-zu-unrecht-in-haft<\/strong><\/a><\/p>\n<!-- \/wp:paragraph -->\n\n<!-- wp:paragraph -->\n<p>\u00dcbernommen von <a href=\"https:\/\/t.me\/Haintz\/59274\">Haintz Media.<\/a><\/p>\n<!-- \/wp:paragraph -->\n\n<!-- wp:paragraph -->\n<p>Anmerkung von mir: Grandioser Sieg f\u00fcr die gesamte Wahrheitsbewegung. Viele Dissidenten wurden ja schon ins Ausland vertrieben, auch einige von denen man es gar nicht wei\u00df. Es ist jetzt viel unwahrscheinlicher, dass sie diesen Trick nochmal probieren.<\/p>\n<!-- \/wp:paragraph -->\n\n<!-- wp:paragraph -->\n<p><strong>Zum Teilen auf X: <a href=\"https:\/\/x.com\/OliverJanich\/status\/2095557339197874657\">https:\/\/x.com\/OliverJanich\/status\/2095557339197874657<\/a><\/strong><\/p>\n<!-- \/wp:paragraph -->","_de_post_excerpt":"","_de_post_title":"Sensation!\ud83d\udca5Oliver Janich gewinnt vor Gericht \u2013 Sa\u00df er zu Unrecht in Haft?","_de_post_name":"sensation%f0%9f%92%a5oliver-janich-gewinnt-vor-gericht-sass-er-zu-unrecht-in-haft","_es_post_content":"<!-- wp:paragraph -->\n<p>Una sensaci\u00f3n jur\u00eddica logr\u00f3 ahora el periodista de investigaci\u00f3n Oliver Janich. Gan\u00f3 un recurso de inconstitucionalidad contra el estado libre de Baviera ante el Tribunal Constitucional Federal en Karlsruhe.<\/p>\n<!-- \/wp:paragraph -->\n\n<!-- wp:paragraph -->\n<p>\u00bfEstuvo Janich cinco meses en detenci\u00f3n ilegal? Se le hab\u00eda acusado, entre otras cosas, de haber llamado a la muerte de miembros del gobierno alem\u00e1n durante el tiempo de Corona. Pero, \u00bfhay algo de cierto en estas acusaciones?<\/p>\n<!-- \/wp:paragraph -->\n\n<!-- wp:paragraph -->\n<p><strong>En la entrevista exclusiva de AUF1, ahora hablan Oliver Janich \u2013 y su defensor Markus Haintz.<\/strong><br>\u27a1\ufe0f<a href=\"https:\/\/auf1.tv\/nachrichten-auf1\/sensation-oliver-janich-gewinnt-vor-gericht-sass-er-zu-unrecht-in-haft\"> <strong>https:\/\/auf1.tv\/nachrichten-auf1\/sensation-oliver-janich-gewinnt-vor-gericht-sass-er-zu-unrecht-in-haft<\/strong><\/a><\/p>\n<!-- \/wp:paragraph -->\n\n<!-- wp:paragraph -->\n<p>Tomado de <a href=\"https:\/\/t.me\/Haintz\/59274\">Haintz Media.<\/a><\/p>\n<!-- \/wp:paragraph -->\n\n<!-- wp:paragraph -->\n<p>Nota de mi parte: Gran victoria para todo el movimiento de la verdad. Muchos disidentes ya han sido expulsados al extranjero, incluso algunos de los que ni siquiera se sabe. Ahora es mucho menos probable que intenten este truco nuevamente.<\/p>\n<!-- \/wp:paragraph -->\n\n<!-- wp:paragraph -->\n<p><strong>Para compartir en X: <a href=\"https:\/\/x.com\/OliverJanich\/status\/2095557339197874657\">https:\/\/x.com\/OliverJanich\/status\/2095557339197874657<\/a><\/strong><\/p>\n<!-- \/wp:paragraph -->","_es_post_excerpt":"","_es_post_title":"\u00a1Sensaci\u00f3n!\ud83d\udca5 Oliver Janich gana en el tribunal \u2013 \u00bfEstuvo encarcelado injustamente?","_es_post_name":"","edit_language":"de"},"_links":{"self":[{"href":"https:\/\/okitalk.news\/de\/wp-json\/wp\/v2\/okitalk_video\/17311","targetHints":{"allow":["GET"]}}],"collection":[{"href":"https:\/\/okitalk.news\/de\/wp-json\/wp\/v2\/okitalk_video"}],"about":[{"href":"https:\/\/okitalk.news\/de\/wp-json\/wp\/v2\/types\/okitalk_video"}],"replies":[{"embeddable":true,"href":"https:\/\/okitalk.news\/de\/wp-json\/wp\/v2\/comments?post=17311"}],"version-history":[{"count":1,"href":"https:\/\/okitalk.news\/de\/wp-json\/wp\/v2\/okitalk_video\/17311\/revisions"}],"predecessor-version":[{"id":17312,"href":"https:\/\/okitalk.news\/de\/wp-json\/wp\/v2\/okitalk_video\/17311\/revisions\/17312"}],"wp:featuredmedia":[{"embeddable":true,"href":"https:\/\/okitalk.news\/de\/wp-json\/wp\/v2\/media\/17055"}],"wp:attachment":[{"href":"https:\/\/okitalk.news\/de\/wp-json\/wp\/v2\/media?parent=17311"}],"wp:term":[{"taxonomy":"post_tag","embeddable":true,"href":"https:\/\/okitalk.news\/de\/wp-json\/wp\/v2\/tags?post=17311"},{"taxonomy":"okitalk_topic","embeddable":true,"href":"https:\/\/okitalk.news\/de\/wp-json\/wp\/v2\/okitalk_topic?post=17311"},{"taxonomy":"okitalk_guest","embeddable":true,"href":"https:\/\/okitalk.news\/de\/wp-json\/wp\/v2\/okitalk_guest?post=17311"}],"curies":[{"name":"wp","href":"https:\/\/api.w.org\/{rel}","templated":true}]}}

Sensation!💥Oliver Janich gewinnt vor Gericht – Saß er zu Unrecht in Haft?

<p class="wp-block-paragraph">Eine juristische Sensation erzielte jetzt Aufklärungs-Journalist Oliver Janich. Er gewann eine Verfassungsbeschwerde gegen den Freistaat Bayern vor dem Bundesverfassungsgericht in Karlsruhe.</p>



<p class="wp-block-paragraph">Saß Janich damit fünf Monate rechtswidrig in Haft? Ihm war unter anderem vorgeworfen worden, in der Corona-Zeit zur Tötung deutscher Regierungsmitglieder aufgerufen zu haben. Doch ist an diesen Vorwürfen überhaupt etwas dran?</p>



<p class="wp-block-paragraph"><strong>Im AUF1-Exklusivinterview sprechen jetzt Oliver Janich – und sein Verteidiger Markus Haintz.</strong><br>➡️<a href=" https://auf1.tv/nachrichten-auf1/sensation-oliver-janich-gewinnt-vor-gericht-sass-er-zu-unrecht-in-haft"> <strong>https://auf1.tv/nachrichten-auf1/sensation-oliver-janich-gewinnt-vor-gericht-sass-er-zu-unrecht-in-haft</strong></a></p>



<p class="wp-block-paragraph">Übernommen von <a href="https://t.me/Haintz/59274">Haintz Media.</a></p>



<p class="wp-block-paragraph">Anmerkung von mir: Grandioser Sieg für die gesamte Wahrheitsbewegung. Viele Dissidenten wurden ja schon ins Ausland vertrieben, auch einige von denen man es gar nicht weiß. Es ist jetzt viel unwahrscheinlicher, dass sie diesen Trick nochmal probieren.</p>



<p class="wp-block-paragraph"><strong>Zum Teilen auf X: <a href="https://x.com/OliverJanich/status/2095557339197874657">https://x.com/OliverJanich/status/2095557339197874657</a></strong></p>

<p>Eine juristische Sensation erzielte jetzt Aufklärungs-Journalist Oliver Janich. Er gewann eine Verfassungsbeschwerde gegen den Freistaat Bayern vor dem Bundesverfassungsgericht in Karlsruhe. Saß Janich damit fünf Monate rechtswidrig in Haft? Ihm war unter anderem vorgeworfen worden, in der Corona-Zeit zur Tötung deutscher Regierungsmitglieder aufgerufen zu haben. Doch ist an diesen Vorwürfen überhaupt etwas dran? Im AUF1-Exklusivinterview [&hellip;]</p>

<!-- wp:paragraph -->
<p>Eine juristische Sensation erzielte jetzt Aufklärungs-Journalist Oliver Janich. Er gewann eine Verfassungsbeschwerde gegen den Freistaat Bayern vor dem Bundesverfassungsgericht in Karlsruhe.</p>
<!-- /wp:paragraph -->

<!-- wp:paragraph -->
<p>Saß Janich damit fünf Monate rechtswidrig in Haft? Ihm war unter anderem vorgeworfen worden, in der Corona-Zeit zur Tötung deutscher Regierungsmitglieder aufgerufen zu haben. Doch ist an diesen Vorwürfen überhaupt etwas dran?</p>
<!-- /wp:paragraph -->

<!-- wp:paragraph -->
<p><strong>Im AUF1-Exklusivinterview sprechen jetzt Oliver Janich – und sein Verteidiger Markus Haintz.</strong><br>➡️<a href=" https://auf1.tv/nachrichten-auf1/sensation-oliver-janich-gewinnt-vor-gericht-sass-er-zu-unrecht-in-haft"> <strong>https://auf1.tv/nachrichten-auf1/sensation-oliver-janich-gewinnt-vor-gericht-sass-er-zu-unrecht-in-haft</strong></a></p>
<!-- /wp:paragraph -->

<!-- wp:paragraph -->
<p>Übernommen von <a href="https://t.me/Haintz/59274">Haintz Media.</a></p>
<!-- /wp:paragraph -->

<!-- wp:paragraph -->
<p>Anmerkung von mir: Grandioser Sieg für die gesamte Wahrheitsbewegung. Viele Dissidenten wurden ja schon ins Ausland vertrieben, auch einige von denen man es gar nicht weiß. Es ist jetzt viel unwahrscheinlicher, dass sie diesen Trick nochmal probieren.</p>
<!-- /wp:paragraph -->

<!-- wp:paragraph -->
<p><strong>Zum Teilen auf X: <a href="https://x.com/OliverJanich/status/2095557339197874657">https://x.com/OliverJanich/status/2095557339197874657</a></strong></p>
<!-- /wp:paragraph -->

<!-- wp:paragraph -->
<p>Una sensación jurídica logró ahora el periodista de investigación Oliver Janich. Ganó un recurso de inconstitucionalidad contra el estado libre de Baviera ante el Tribunal Constitucional Federal en Karlsruhe.</p>
<!-- /wp:paragraph -->

<!-- wp:paragraph -->
<p>¿Estuvo Janich cinco meses en detención ilegal? Se le había acusado, entre otras cosas, de haber llamado a la muerte de miembros del gobierno alemán durante el tiempo de Corona. Pero, ¿hay algo de cierto en estas acusaciones?</p>
<!-- /wp:paragraph -->

<!-- wp:paragraph -->
<p><strong>En la entrevista exclusiva de AUF1, ahora hablan Oliver Janich – y su defensor Markus Haintz.</strong><br>➡️<a href="https://auf1.tv/nachrichten-auf1/sensation-oliver-janich-gewinnt-vor-gericht-sass-er-zu-unrecht-in-haft"> <strong>https://auf1.tv/nachrichten-auf1/sensation-oliver-janich-gewinnt-vor-gericht-sass-er-zu-unrecht-in-haft</strong></a></p>
<!-- /wp:paragraph -->

<!-- wp:paragraph -->
<p>Tomado de <a href="https://t.me/Haintz/59274">Haintz Media.</a></p>
<!-- /wp:paragraph -->

<!-- wp:paragraph -->
<p>Nota de mi parte: Gran victoria para todo el movimiento de la verdad. Muchos disidentes ya han sido expulsados al extranjero, incluso algunos de los que ni siquiera se sabe. Ahora es mucho menos probable que intenten este truco nuevamente.</p>
<!-- /wp:paragraph -->

<!-- wp:paragraph -->
<p><strong>Para compartir en X: <a href="https://x.com/OliverJanich/status/2095557339197874657">https://x.com/OliverJanich/status/2095557339197874657</a></strong></p>
<!-- /wp:paragraph -->

¡Sensación!💥 Oliver Janich gana en el tribunal – ¿Estuvo encarcelado injustamente?
