{"id":17301,"date":"2026-09-04T22:59:40","date_gmt":"2026-09-04T20:59:40","guid":{"rendered":"https:\/\/okitalk.news\/de\/video\/cef7fe\/automatisch-gespeicherter-entwurf\/"},"modified":"2026-09-04T23:03:21","modified_gmt":"2026-09-04T21:03:21","slug":"interviews-fuer-den-frieden-stimmen-aus-dresden-live-bei-okitalk","status":"publish","type":"okitalk_video","link":"https:\/\/okitalk.news\/de\/video\/interviews-fuer-den-frieden-stimmen-aus-dresden-live-bei-okitalk\/","title":{"rendered":"INTERVIEWS F\u00dcR DEN FRIEDEN \u2013 Stimmen aus Dresden | LIVE bei OKiTALK"},"content":{"rendered":"\n<p class=\"wp-block-paragraph\"><strong>\ud83d\udd4a\ufe0f INTERVIEWS F\u00dcR DEN FRIEDEN \u2013 Stimmen aus Dresden<\/strong><\/p>\n\n\n\n<p class=\"wp-block-paragraph\">Nach der Live-\u00dcbertragung des Friedensfestes auf dem Postplatz in Dresden geht es bei OKiTALK am Abend weiter.<\/p>\n\n\n\n<p class=\"wp-block-paragraph\"><strong>Ab 20:00 Uhr geh\u00f6ren die Mikrofone den Menschen.<\/strong><\/p>\n\n\n\n<p class=\"wp-block-paragraph\">In pers\u00f6nlichen Gespr\u00e4chen und Interviews m\u00f6chten wir unterschiedliche Stimmen zu Wort kommen lassen: Teilnehmer, Initiatoren, G\u00e4ste und Menschen, die sich Gedanken dar\u00fcber machen, wie <strong>Frieden, Dialog und gesellschaftlicher Zusammenhalt<\/strong> wieder st\u00e4rker gelebt werden k\u00f6nnen.<\/p>\n\n\n\n<p class=\"wp-block-paragraph\">Was bedeutet Frieden ganz pers\u00f6nlich?<br>Was bewegt die Menschen, nach Dresden zu kommen?<br>Wo m\u00fcssen wir wieder lernen, einander zuzuh\u00f6ren?<br>Und was kann jeder Einzelne dazu beitragen, dass aus dem Wunsch nach Frieden auch gelebte Wirklichkeit wird?<\/p>\n\n\n\n<p class=\"wp-block-paragraph\">Die einzelnen Interviewpartner und weitere Programmpunkte werden nach und nach bekannt gegeben.<\/p>\n\n\n\n<p class=\"wp-block-paragraph\"><strong>\ud83d\udcc5 3. Oktober 2026<\/strong><br><strong>\ud83d\udd57 ab 20:00 Uhr bis ca. 00:00 Uhr<\/strong><\/p>\n\n\n\n<p class=\"wp-block-paragraph\"><strong>LIVE bei OKiTALK \u2013 von Mensch zu Mensch.<\/strong><\/p>\n\n\n\n<p class=\"wp-block-paragraph\">\ud83d\udd4a\ufe0f <strong>Frieden braucht Stimmen. Frieden braucht Dialog. Frieden braucht Menschen, die miteinander sprechen.<\/strong><\/p>\n\n\n\n<p class=\"wp-block-paragraph\"><strong>Kooperation statt Konkurrenz \u2013 gemeinsam f\u00fcr den Frieden.<\/strong><\/p>\n","protected":false},"excerpt":{"rendered":"<p>\ud83d\udd4a\ufe0f INTERVIEWS F\u00dcR DEN FRIEDEN \u2013 Stimmen aus Dresden Nach der Live-\u00dcbertragung des Friedensfestes auf dem Postplatz in Dresden geht es bei OKiTALK am Abend weiter. Ab 20:00 Uhr geh\u00f6ren die Mikrofone den Menschen. In pers\u00f6nlichen Gespr\u00e4chen und Interviews m\u00f6chten wir unterschiedliche Stimmen zu Wort kommen lassen: Teilnehmer, Initiatoren, G\u00e4ste und Menschen, die sich Gedanken [&hellip;]<\/p>\n","protected":false},"featured_media":17304,"menu_order":0,"comment_status":"open","ping_status":"closed","template":"","tags":[2357,37,362,34],"okitalk_topic":[10,16],"okitalk_guest":[],"class_list":["post-17301","okitalk_video","type-okitalk_video","status-publish","has-post-thumbnail","hentry","tag-dresden","tag-freiheit","tag-frieden","tag-okitalk","okitalk_topic-live-events-and-congresses","okitalk_topic-okitalk-international"],"meta":{"_en_post_content":"<!-- wp:paragraph -->\n<p><strong>\ud83d\udd4a\ufe0f INTERVIEWS FOR PEACE \u2013 Voices from Dresden<\/strong><\/p>\n<!-- \/wp:paragraph -->\n\n<!-- wp:paragraph -->\n<p>After the live broadcast of the Peace Festival at Postplatz in Dresden, OKiTALK continues in the evening.<\/p>\n<!-- \/wp:paragraph -->\n\n<!-- wp:paragraph -->\n<p><strong>From 8:00 PM, the microphones belong to the people.<\/strong><\/p>\n<!-- \/wp:paragraph -->\n\n<!-- wp:paragraph -->\n<p>In personal conversations and interviews, we want to give different voices a chance to speak: participants, initiators, guests, and people who are thinking about how <strong>peace, dialogue, and social cohesion<\/strong> can be lived more strongly again.<\/p>\n<!-- \/wp:paragraph -->\n\n<!-- wp:paragraph -->\n<p>What does peace mean personally?<br>What moves people to come to Dresden?<br>Where do we need to learn again to listen to each other?<br>And what can each individual contribute to turn the desire for peace into lived reality?<\/p>\n<!-- \/wp:paragraph -->\n\n<!-- wp:paragraph -->\n<p>The individual interview partners and further program points will be announced gradually.<\/p>\n<!-- \/wp:paragraph -->\n\n<!-- wp:paragraph -->\n<p><strong>\ud83d\udcc5 October 3, 2026<\/strong><br><strong>\ud83d\udd57 from 8:00 PM to approximately 12:00 AM<\/strong><\/p>\n<!-- \/wp:paragraph -->\n\n<!-- wp:paragraph -->\n<p><strong>LIVE at OKiTALK \u2013 from person to person.<\/strong><\/p>\n<!-- \/wp:paragraph -->\n\n<!-- wp:paragraph -->\n<p>\ud83d\udd4a\ufe0f <strong>Peace needs voices. Peace needs dialogue. Peace needs people who talk to each other.<\/strong><\/p>\n<!-- \/wp:paragraph -->\n\n<!-- wp:paragraph -->\n<p><strong>Cooperation instead of competition \u2013 together for peace.<\/strong><\/p>\n<!-- \/wp:paragraph -->","_en_post_excerpt":"","_en_post_title":"INTERVIEWS FOR PEACE \u2013 Voices from Dresden | LIVE at OKiTALK","_en_post_name":"","_de_post_content":"<!-- wp:paragraph -->\n<p><strong>\ud83d\udd4a\ufe0f INTERVIEWS F\u00dcR DEN FRIEDEN \u2013 Stimmen aus Dresden<\/strong><\/p>\n<!-- \/wp:paragraph -->\n\n<!-- wp:paragraph -->\n<p>Nach der Live-\u00dcbertragung des Friedensfestes auf dem Postplatz in Dresden geht es bei OKiTALK am Abend weiter.<\/p>\n<!-- \/wp:paragraph -->\n\n<!-- wp:paragraph -->\n<p><strong>Ab 20:00 Uhr geh\u00f6ren die Mikrofone den Menschen.<\/strong><\/p>\n<!-- \/wp:paragraph -->\n\n<!-- wp:paragraph -->\n<p>In pers\u00f6nlichen Gespr\u00e4chen und Interviews m\u00f6chten wir unterschiedliche Stimmen zu Wort kommen lassen: Teilnehmer, Initiatoren, G\u00e4ste und Menschen, die sich Gedanken dar\u00fcber machen, wie <strong>Frieden, Dialog und gesellschaftlicher Zusammenhalt<\/strong> wieder st\u00e4rker gelebt werden k\u00f6nnen.<\/p>\n<!-- \/wp:paragraph -->\n\n<!-- wp:paragraph -->\n<p>Was bedeutet Frieden ganz pers\u00f6nlich?<br>Was bewegt die Menschen, nach Dresden zu kommen?<br>Wo m\u00fcssen wir wieder lernen, einander zuzuh\u00f6ren?<br>Und was kann jeder Einzelne dazu beitragen, dass aus dem Wunsch nach Frieden auch gelebte Wirklichkeit wird?<\/p>\n<!-- \/wp:paragraph -->\n\n<!-- wp:paragraph -->\n<p>Die einzelnen Interviewpartner und weitere Programmpunkte werden nach und nach bekannt gegeben.<\/p>\n<!-- \/wp:paragraph -->\n\n<!-- wp:paragraph -->\n<p><strong>\ud83d\udcc5 3. Oktober 2026<\/strong><br><strong>\ud83d\udd57 ab 20:00 Uhr bis ca. 00:00 Uhr<\/strong><\/p>\n<!-- \/wp:paragraph -->\n\n<!-- wp:paragraph -->\n<p><strong>LIVE bei OKiTALK \u2013 von Mensch zu Mensch.<\/strong><\/p>\n<!-- \/wp:paragraph -->\n\n<!-- wp:paragraph -->\n<p>\ud83d\udd4a\ufe0f <strong>Frieden braucht Stimmen. Frieden braucht Dialog. Frieden braucht Menschen, die miteinander sprechen.<\/strong><\/p>\n<!-- \/wp:paragraph -->\n\n<!-- wp:paragraph -->\n<p><strong>Kooperation statt Konkurrenz \u2013 gemeinsam f\u00fcr den Frieden.<\/strong><\/p>\n<!-- \/wp:paragraph -->","_de_post_excerpt":"","_de_post_title":"INTERVIEWS F\u00dcR DEN FRIEDEN \u2013 Stimmen aus Dresden | LIVE bei OKiTALK","_de_post_name":"interviews-fuer-den-frieden-stimmen-aus-dresden-live-bei-okitalk","_es_post_content":"<!-- wp:paragraph -->\n<p><strong>\ud83d\udd4a\ufe0f ENTREVISTAS POR LA PAZ \u2013 Voces desde Dresde<\/strong><\/p>\n<!-- \/wp:paragraph -->\n\n<!-- wp:paragraph -->\n<p>Despu\u00e9s de la transmisi\u00f3n en vivo del festival de la paz en la Plaza de Correos en Dresde, OKiTALK continuar\u00e1 por la noche.<\/p>\n<!-- \/wp:paragraph -->\n\n<!-- wp:paragraph -->\n<p><strong>A partir de las 20:00 horas, los micr\u00f3fonos ser\u00e1n de las personas.<\/strong><\/p>\n<!-- \/wp:paragraph -->\n\n<!-- wp:paragraph -->\n<p>En conversaciones personales y entrevistas, queremos dar voz a diferentes perspectivas: participantes, iniciadores, invitados y personas que reflexionan sobre c\u00f3mo <strong>la paz, el di\u00e1logo y la cohesi\u00f3n social<\/strong> pueden ser vividos de manera m\u00e1s intensa nuevamente.<\/p>\n<!-- \/wp:paragraph -->\n\n<!-- wp:paragraph -->\n<p>\u00bfQu\u00e9 significa la paz de manera personal?<br>\u00bfQu\u00e9 motiva a las personas a venir a Dresde?<br>\u00bfD\u00f3nde debemos volver a aprender a escucharnos unos a otros?<br>\u00bfY qu\u00e9 puede contribuir cada individuo para que el deseo de paz se convierta en una realidad vivida?<\/p>\n<!-- \/wp:paragraph -->\n\n<!-- wp:paragraph -->\n<p>Los diferentes entrevistados y otros puntos del programa se anunciar\u00e1n gradualmente.<\/p>\n<!-- \/wp:paragraph -->\n\n<!-- wp:paragraph -->\n<p><strong>\ud83d\udcc5 3 de octubre de 2026<\/strong><br><strong>\ud83d\udd57 desde las 20:00 horas hasta aproximadamente las 00:00 horas<\/strong><\/p>\n<!-- \/wp:paragraph -->\n\n<!-- wp:paragraph -->\n<p><strong>EN VIVO en OKiTALK \u2013 de persona a persona.<\/strong><\/p>\n<!-- \/wp:paragraph -->\n\n<!-- wp:paragraph -->\n<p>\ud83d\udd4a\ufe0f <strong>La paz necesita voces. La paz necesita di\u00e1logo. La paz necesita personas que hablen entre s\u00ed.<\/strong><\/p>\n<!-- \/wp:paragraph -->\n\n<!-- wp:paragraph -->\n<p><strong>Cooperaci\u00f3n en lugar de competencia \u2013 juntos por la paz.<\/strong><\/p>\n<!-- \/wp:paragraph -->","_es_post_excerpt":"","_es_post_title":"ENTREVISTAS POR LA PAZ \u2013 Voces desde Dresde | EN VIVO en OKiTALK","_es_post_name":"","edit_language":"de"},"_links":{"self":[{"href":"https:\/\/okitalk.news\/de\/wp-json\/wp\/v2\/okitalk_video\/17301","targetHints":{"allow":["GET"]}}],"collection":[{"href":"https:\/\/okitalk.news\/de\/wp-json\/wp\/v2\/okitalk_video"}],"about":[{"href":"https:\/\/okitalk.news\/de\/wp-json\/wp\/v2\/types\/okitalk_video"}],"replies":[{"embeddable":true,"href":"https:\/\/okitalk.news\/de\/wp-json\/wp\/v2\/comments?post=17301"}],"version-history":[{"count":1,"href":"https:\/\/okitalk.news\/de\/wp-json\/wp\/v2\/okitalk_video\/17301\/revisions"}],"predecessor-version":[{"id":17303,"href":"https:\/\/okitalk.news\/de\/wp-json\/wp\/v2\/okitalk_video\/17301\/revisions\/17303"}],"wp:featuredmedia":[{"embeddable":true,"href":"https:\/\/okitalk.news\/de\/wp-json\/wp\/v2\/media\/17304"}],"wp:attachment":[{"href":"https:\/\/okitalk.news\/de\/wp-json\/wp\/v2\/media?parent=17301"}],"wp:term":[{"taxonomy":"post_tag","embeddable":true,"href":"https:\/\/okitalk.news\/de\/wp-json\/wp\/v2\/tags?post=17301"},{"taxonomy":"okitalk_topic","embeddable":true,"href":"https:\/\/okitalk.news\/de\/wp-json\/wp\/v2\/okitalk_topic?post=17301"},{"taxonomy":"okitalk_guest","embeddable":true,"href":"https:\/\/okitalk.news\/de\/wp-json\/wp\/v2\/okitalk_guest?post=17301"}],"curies":[{"name":"wp","href":"https:\/\/api.w.org\/{rel}","templated":true}]}}

INTERVIEWS FÜR DEN FRIEDEN – Stimmen aus Dresden | LIVE bei OKiTALK

<p class="wp-block-paragraph"><strong>🕊️ INTERVIEWS FÜR DEN FRIEDEN – Stimmen aus Dresden</strong></p>



<p class="wp-block-paragraph">Nach der Live-Übertragung des Friedensfestes auf dem Postplatz in Dresden geht es bei OKiTALK am Abend weiter.</p>



<p class="wp-block-paragraph"><strong>Ab 20:00 Uhr gehören die Mikrofone den Menschen.</strong></p>



<p class="wp-block-paragraph">In persönlichen Gesprächen und Interviews möchten wir unterschiedliche Stimmen zu Wort kommen lassen: Teilnehmer, Initiatoren, Gäste und Menschen, die sich Gedanken darüber machen, wie <strong>Frieden, Dialog und gesellschaftlicher Zusammenhalt</strong> wieder stärker gelebt werden können.</p>



<p class="wp-block-paragraph">Was bedeutet Frieden ganz persönlich?<br>Was bewegt die Menschen, nach Dresden zu kommen?<br>Wo müssen wir wieder lernen, einander zuzuhören?<br>Und was kann jeder Einzelne dazu beitragen, dass aus dem Wunsch nach Frieden auch gelebte Wirklichkeit wird?</p>



<p class="wp-block-paragraph">Die einzelnen Interviewpartner und weitere Programmpunkte werden nach und nach bekannt gegeben.</p>



<p class="wp-block-paragraph"><strong>📅 3. Oktober 2026</strong><br><strong>🕗 ab 20:00 Uhr bis ca. 00:00 Uhr</strong></p>



<p class="wp-block-paragraph"><strong>LIVE bei OKiTALK – von Mensch zu Mensch.</strong></p>



<p class="wp-block-paragraph">🕊️ <strong>Frieden braucht Stimmen. Frieden braucht Dialog. Frieden braucht Menschen, die miteinander sprechen.</strong></p>



<p class="wp-block-paragraph"><strong>Kooperation statt Konkurrenz – gemeinsam für den Frieden.</strong></p>

<p>🕊️ INTERVIEWS FÜR DEN FRIEDEN – Stimmen aus Dresden Nach der Live-Übertragung des Friedensfestes auf dem Postplatz in Dresden geht es bei OKiTALK am Abend weiter. Ab 20:00 Uhr gehören die Mikrofone den Menschen. In persönlichen Gesprächen und Interviews möchten wir unterschiedliche Stimmen zu Wort kommen lassen: Teilnehmer, Initiatoren, Gäste und Menschen, die sich Gedanken [&hellip;]</p>

<!-- wp:paragraph -->
<p><strong>🕊️ INTERVIEWS FÜR DEN FRIEDEN – Stimmen aus Dresden</strong></p>
<!-- /wp:paragraph -->

<!-- wp:paragraph -->
<p>Nach der Live-Übertragung des Friedensfestes auf dem Postplatz in Dresden geht es bei OKiTALK am Abend weiter.</p>
<!-- /wp:paragraph -->

<!-- wp:paragraph -->
<p><strong>Ab 20:00 Uhr gehören die Mikrofone den Menschen.</strong></p>
<!-- /wp:paragraph -->

<!-- wp:paragraph -->
<p>In persönlichen Gesprächen und Interviews möchten wir unterschiedliche Stimmen zu Wort kommen lassen: Teilnehmer, Initiatoren, Gäste und Menschen, die sich Gedanken darüber machen, wie <strong>Frieden, Dialog und gesellschaftlicher Zusammenhalt</strong> wieder stärker gelebt werden können.</p>
<!-- /wp:paragraph -->

<!-- wp:paragraph -->
<p>Was bedeutet Frieden ganz persönlich?<br>Was bewegt die Menschen, nach Dresden zu kommen?<br>Wo müssen wir wieder lernen, einander zuzuhören?<br>Und was kann jeder Einzelne dazu beitragen, dass aus dem Wunsch nach Frieden auch gelebte Wirklichkeit wird?</p>
<!-- /wp:paragraph -->

<!-- wp:paragraph -->
<p>Die einzelnen Interviewpartner und weitere Programmpunkte werden nach und nach bekannt gegeben.</p>
<!-- /wp:paragraph -->

<!-- wp:paragraph -->
<p><strong>📅 3. Oktober 2026</strong><br><strong>🕗 ab 20:00 Uhr bis ca. 00:00 Uhr</strong></p>
<!-- /wp:paragraph -->

<!-- wp:paragraph -->
<p><strong>LIVE bei OKiTALK – von Mensch zu Mensch.</strong></p>
<!-- /wp:paragraph -->

<!-- wp:paragraph -->
<p>🕊️ <strong>Frieden braucht Stimmen. Frieden braucht Dialog. Frieden braucht Menschen, die miteinander sprechen.</strong></p>
<!-- /wp:paragraph -->

<!-- wp:paragraph -->
<p><strong>Kooperation statt Konkurrenz – gemeinsam für den Frieden.</strong></p>
<!-- /wp:paragraph -->

<!-- wp:paragraph -->
<p><strong>🕊️ ENTREVISTAS POR LA PAZ – Voces desde Dresde</strong></p>
<!-- /wp:paragraph -->

<!-- wp:paragraph -->
<p>Después de la transmisión en vivo del festival de la paz en la Plaza de Correos en Dresde, OKiTALK continuará por la noche.</p>
<!-- /wp:paragraph -->

<!-- wp:paragraph -->
<p><strong>A partir de las 20:00 horas, los micrófonos serán de las personas.</strong></p>
<!-- /wp:paragraph -->

<!-- wp:paragraph -->
<p>En conversaciones personales y entrevistas, queremos dar voz a diferentes perspectivas: participantes, iniciadores, invitados y personas que reflexionan sobre cómo <strong>la paz, el diálogo y la cohesión social</strong> pueden ser vividos de manera más intensa nuevamente.</p>
<!-- /wp:paragraph -->

<!-- wp:paragraph -->
<p>¿Qué significa la paz de manera personal?<br>¿Qué motiva a las personas a venir a Dresde?<br>¿Dónde debemos volver a aprender a escucharnos unos a otros?<br>¿Y qué puede contribuir cada individuo para que el deseo de paz se convierta en una realidad vivida?</p>
<!-- /wp:paragraph -->

<!-- wp:paragraph -->
<p>Los diferentes entrevistados y otros puntos del programa se anunciarán gradualmente.</p>
<!-- /wp:paragraph -->

<!-- wp:paragraph -->
<p><strong>📅 3 de octubre de 2026</strong><br><strong>🕗 desde las 20:00 horas hasta aproximadamente las 00:00 horas</strong></p>
<!-- /wp:paragraph -->

<!-- wp:paragraph -->
<p><strong>EN VIVO en OKiTALK – de persona a persona.</strong></p>
<!-- /wp:paragraph -->

<!-- wp:paragraph -->
<p>🕊️ <strong>La paz necesita voces. La paz necesita diálogo. La paz necesita personas que hablen entre sí.</strong></p>
<!-- /wp:paragraph -->

<!-- wp:paragraph -->
<p><strong>Cooperación en lugar de competencia – juntos por la paz.</strong></p>
<!-- /wp:paragraph -->
