{"id":17297,"date":"2026-09-04T22:30:32","date_gmt":"2026-09-04T20:30:32","guid":{"rendered":"https:\/\/okitalk.news\/de\/video\/e84078\/automatisch-gespeicherter-entwurf\/"},"modified":"2026-09-04T23:33:19","modified_gmt":"2026-09-04T21:33:19","slug":"%f0%9f%95%8a%ef%b8%8f-friedensreferendum-26-gemeinsam-fuer-frieden-und-freiheit-dresden-03-03-2026-2","status":"publish","type":"okitalk_video","link":"https:\/\/okitalk.news\/de\/video\/%f0%9f%95%8a%ef%b8%8f-friedensreferendum-26-gemeinsam-fuer-frieden-und-freiheit-dresden-03-03-2026-2\/","title":{"rendered":"\ud83d\udd4a\ufe0f FRIEDENSREFERENDUM 26 \u2013 GEMEINSAM F\u00dcR FRIEDEN UND FREIHEIT! Dresden 03.03.2026!"},"content":{"rendered":"\n<p class=\"wp-block-paragraph\"><strong>\ud83d\udd4a\ufe0f Ihre Stimme f\u00fcr den Frieden \u2013 Dresden, 03. Oktober 2026<\/strong><\/p>\n\n\n\n<p class=\"wp-block-paragraph\"><strong>Am 3. Oktober laden wir euch nach Dresden ein. Gemeinsam m\u00f6chten wir ein Zeichen setzen f\u00fcr Frieden, Dialog, Zusammenhalt und demokratische Mitbestimmung.<\/strong><\/p>\n\n\n\n<p class=\"wp-block-paragraph\"><strong>\ud83d\udccd Postplatz, Dresden<\/strong><br><strong>\ud83d\udd51 14:00\u201318:00 Uhr<\/strong><\/p>\n\n\n\n<p class=\"wp-block-paragraph\"><strong>Mit Musik, Redebeitr\u00e4gen, Begegnung und gemeinsamen Aktionen wollen wir Menschen zusammenbringen und miteinander ins Gespr\u00e4ch kommen.<\/strong><\/p>\n\n\n\n<p class=\"wp-block-paragraph\"><strong>\ud83e\udd1d Frieden beginnt mit dem Dialog \u2013 und mit Menschen, die sich einbringen.<\/strong><\/p>\n\n\n\n<p class=\"wp-block-paragraph\"><strong>Kommt vorbei, bringt Freunde und Bekannte mit und teilt die Einladung gerne weiter. \ud83d\udd4a\ufe0f<\/strong><\/p>\n","protected":false},"excerpt":{"rendered":"<p>\ud83d\udd4a\ufe0f Ihre Stimme f\u00fcr den Frieden \u2013 Dresden, 03. Oktober 2026 Am 3. Oktober laden wir euch nach Dresden ein. Gemeinsam m\u00f6chten wir ein Zeichen setzen f\u00fcr Frieden, Dialog, Zusammenhalt und demokratische Mitbestimmung. \ud83d\udccd Postplatz, Dresden\ud83d\udd51 14:00\u201318:00 Uhr Mit Musik, Redebeitr\u00e4gen, Begegnung und gemeinsamen Aktionen wollen wir Menschen zusammenbringen und miteinander ins Gespr\u00e4ch kommen. \ud83e\udd1d [&hellip;]<\/p>\n","protected":false},"featured_media":17305,"menu_order":0,"comment_status":"open","ping_status":"closed","template":"","tags":[2357,37,362,2356,34],"okitalk_topic":[10,16],"okitalk_guest":[],"class_list":["post-17297","okitalk_video","type-okitalk_video","status-publish","has-post-thumbnail","hentry","tag-dresden","tag-freiheit","tag-frieden","tag-friedensreferendum-26","tag-okitalk","okitalk_topic-live-events-and-congresses","okitalk_topic-okitalk-international"],"meta":{"_en_post_content":"<!-- wp:paragraph -->\n<p><strong>\ud83d\udd4a\ufe0f Your Voice for Peace \u2013 Dresden, October 3, 2026<\/strong><\/p>\n<!-- \/wp:paragraph -->\n\n<!-- wp:paragraph -->\n<p><strong>On October 3, we invite you to Dresden. Together we want to set a sign for peace, dialogue, solidarity, and democratic participation.<\/strong><\/p>\n<!-- \/wp:paragraph -->\n\n<!-- wp:paragraph -->\n<p><strong>\ud83d\udccd Postplatz, Dresden<\/strong><br><strong>\ud83d\udd51 14:00\u201318:00<\/strong><\/p>\n<!-- \/wp:paragraph -->\n\n<!-- wp:paragraph -->\n<p><strong>With music, speeches, encounters, and joint actions, we want to bring people together and engage in conversation.<\/strong><\/p>\n<!-- \/wp:paragraph -->\n\n<!-- wp:paragraph -->\n<p><strong>\ud83e\udd1d Peace begins with dialogue \u2013 and with people who get involved.<\/strong><\/p>\n<!-- \/wp:paragraph -->\n\n<!-- wp:paragraph -->\n<p><strong>Come by, bring friends and acquaintances, and feel free to share the invitation. \ud83d\udd4a\ufe0f<\/strong><\/p>\n<!-- \/wp:paragraph -->","_en_post_excerpt":"","_en_post_title":"\ud83d\udd4a\ufe0f PEACE REFERENDUM 26 \u2013 TOGETHER FOR PEACE AND FREEDOM! Dresden 03.03.2026!","_en_post_name":"","_de_post_content":"<!-- wp:paragraph -->\n<p><strong>\ud83d\udd4a\ufe0f Ihre Stimme f\u00fcr den Frieden \u2013 Dresden, 03. Oktober 2026<\/strong><\/p>\n<!-- \/wp:paragraph -->\n\n<!-- wp:paragraph -->\n<p><strong>Am 3. Oktober laden wir euch nach Dresden ein. Gemeinsam m\u00f6chten wir ein Zeichen setzen f\u00fcr Frieden, Dialog, Zusammenhalt und demokratische Mitbestimmung.<\/strong><\/p>\n<!-- \/wp:paragraph -->\n\n<!-- wp:paragraph -->\n<p><strong>\ud83d\udccd Postplatz, Dresden<\/strong><br><strong>\ud83d\udd51 14:00\u201318:00 Uhr<\/strong><\/p>\n<!-- \/wp:paragraph -->\n\n<!-- wp:paragraph -->\n<p><strong>Mit Musik, Redebeitr\u00e4gen, Begegnung und gemeinsamen Aktionen wollen wir Menschen zusammenbringen und miteinander ins Gespr\u00e4ch kommen.<\/strong><\/p>\n<!-- \/wp:paragraph -->\n\n<!-- wp:paragraph -->\n<p><strong>\ud83e\udd1d Frieden beginnt mit dem Dialog \u2013 und mit Menschen, die sich einbringen.<\/strong><\/p>\n<!-- \/wp:paragraph -->\n\n<!-- wp:paragraph -->\n<p><strong>Kommt vorbei, bringt Freunde und Bekannte mit und teilt die Einladung gerne weiter. \ud83d\udd4a\ufe0f<\/strong><\/p>\n<!-- \/wp:paragraph -->","_de_post_excerpt":"","_de_post_title":"\ud83d\udd4a\ufe0f FRIEDENSREFERENDUM 26 \u2013 GEMEINSAM F\u00dcR FRIEDEN UND FREIHEIT! Dresden 03.03.2026!","_de_post_name":"%f0%9f%95%8a%ef%b8%8f-friedensreferendum-26-gemeinsam-fuer-frieden-und-freiheit-dresden-03-03-2026-2","_es_post_content":"<!-- wp:paragraph -->\n<p><strong>\ud83d\udd4a\ufe0f Su voz por la paz \u2013 Dresde, 03 de octubre de 2026<\/strong><\/p>\n<!-- \/wp:paragraph -->\n\n<!-- wp:paragraph -->\n<p><strong>El 3 de octubre los invitamos a Dresde. Juntos queremos enviar un mensaje por la paz, el di\u00e1logo, la cohesi\u00f3n y la participaci\u00f3n democr\u00e1tica.<\/strong><\/p>\n<!-- \/wp:paragraph -->\n\n<!-- wp:paragraph -->\n<p><strong>\ud83d\udccd Plaza del Correo, Dresde<\/strong><br><strong>\ud83d\udd51 14:00\u201318:00 horas<\/strong><\/p>\n<!-- \/wp:paragraph -->\n\n<!-- wp:paragraph -->\n<p><strong>Con m\u00fasica, intervenciones, encuentros y acciones conjuntas queremos reunir a las personas y fomentar el di\u00e1logo.<\/strong><\/p>\n<!-- \/wp:paragraph -->\n\n<!-- wp:paragraph -->\n<p><strong>\ud83e\udd1d La paz comienza con el di\u00e1logo \u2013 y con personas que se involucran.<\/strong><\/p>\n<!-- \/wp:paragraph -->\n\n<!-- wp:paragraph -->\n<p><strong>Vengan, traigan amigos y conocidos y compartan la invitaci\u00f3n. \ud83d\udd4a\ufe0f<\/strong><\/p>\n<!-- \/wp:paragraph -->","_es_post_excerpt":"","_es_post_title":"\ud83d\udd4a\ufe0f REFER\u00c9NDUM DE PAZ 26 \u2013 \u00a1JUNTOS POR LA PAZ Y LA LIBERTAD! \u00a1Dresde 03.03.2026!","_es_post_name":"","edit_language":"de"},"_links":{"self":[{"href":"https:\/\/okitalk.news\/de\/wp-json\/wp\/v2\/okitalk_video\/17297","targetHints":{"allow":["GET"]}}],"collection":[{"href":"https:\/\/okitalk.news\/de\/wp-json\/wp\/v2\/okitalk_video"}],"about":[{"href":"https:\/\/okitalk.news\/de\/wp-json\/wp\/v2\/types\/okitalk_video"}],"replies":[{"embeddable":true,"href":"https:\/\/okitalk.news\/de\/wp-json\/wp\/v2\/comments?post=17297"}],"version-history":[{"count":1,"href":"https:\/\/okitalk.news\/de\/wp-json\/wp\/v2\/okitalk_video\/17297\/revisions"}],"predecessor-version":[{"id":17299,"href":"https:\/\/okitalk.news\/de\/wp-json\/wp\/v2\/okitalk_video\/17297\/revisions\/17299"}],"wp:featuredmedia":[{"embeddable":true,"href":"https:\/\/okitalk.news\/de\/wp-json\/wp\/v2\/media\/17305"}],"wp:attachment":[{"href":"https:\/\/okitalk.news\/de\/wp-json\/wp\/v2\/media?parent=17297"}],"wp:term":[{"taxonomy":"post_tag","embeddable":true,"href":"https:\/\/okitalk.news\/de\/wp-json\/wp\/v2\/tags?post=17297"},{"taxonomy":"okitalk_topic","embeddable":true,"href":"https:\/\/okitalk.news\/de\/wp-json\/wp\/v2\/okitalk_topic?post=17297"},{"taxonomy":"okitalk_guest","embeddable":true,"href":"https:\/\/okitalk.news\/de\/wp-json\/wp\/v2\/okitalk_guest?post=17297"}],"curies":[{"name":"wp","href":"https:\/\/api.w.org\/{rel}","templated":true}]}}

🕊️ FRIEDENSREFERENDUM 26 – GEMEINSAM FÜR FRIEDEN UND FREIHEIT! Dresden 03.03.2026!

<p class="wp-block-paragraph"><strong>🕊️ Ihre Stimme für den Frieden – Dresden, 03. Oktober 2026</strong></p>



<p class="wp-block-paragraph"><strong>Am 3. Oktober laden wir euch nach Dresden ein. Gemeinsam möchten wir ein Zeichen setzen für Frieden, Dialog, Zusammenhalt und demokratische Mitbestimmung.</strong></p>



<p class="wp-block-paragraph"><strong>📍 Postplatz, Dresden</strong><br><strong>🕑 14:00–18:00 Uhr</strong></p>



<p class="wp-block-paragraph"><strong>Mit Musik, Redebeiträgen, Begegnung und gemeinsamen Aktionen wollen wir Menschen zusammenbringen und miteinander ins Gespräch kommen.</strong></p>



<p class="wp-block-paragraph"><strong>🤝 Frieden beginnt mit dem Dialog – und mit Menschen, die sich einbringen.</strong></p>



<p class="wp-block-paragraph"><strong>Kommt vorbei, bringt Freunde und Bekannte mit und teilt die Einladung gerne weiter. 🕊️</strong></p>

<p>🕊️ Ihre Stimme für den Frieden – Dresden, 03. Oktober 2026 Am 3. Oktober laden wir euch nach Dresden ein. Gemeinsam möchten wir ein Zeichen setzen für Frieden, Dialog, Zusammenhalt und demokratische Mitbestimmung. 📍 Postplatz, Dresden🕑 14:00–18:00 Uhr Mit Musik, Redebeiträgen, Begegnung und gemeinsamen Aktionen wollen wir Menschen zusammenbringen und miteinander ins Gespräch kommen. 🤝 [&hellip;]</p>

<!-- wp:paragraph -->
<p><strong>🕊️ Ihre Stimme für den Frieden – Dresden, 03. Oktober 2026</strong></p>
<!-- /wp:paragraph -->

<!-- wp:paragraph -->
<p><strong>Am 3. Oktober laden wir euch nach Dresden ein. Gemeinsam möchten wir ein Zeichen setzen für Frieden, Dialog, Zusammenhalt und demokratische Mitbestimmung.</strong></p>
<!-- /wp:paragraph -->

<!-- wp:paragraph -->
<p><strong>📍 Postplatz, Dresden</strong><br><strong>🕑 14:00–18:00 Uhr</strong></p>
<!-- /wp:paragraph -->

<!-- wp:paragraph -->
<p><strong>Mit Musik, Redebeiträgen, Begegnung und gemeinsamen Aktionen wollen wir Menschen zusammenbringen und miteinander ins Gespräch kommen.</strong></p>
<!-- /wp:paragraph -->

<!-- wp:paragraph -->
<p><strong>🤝 Frieden beginnt mit dem Dialog – und mit Menschen, die sich einbringen.</strong></p>
<!-- /wp:paragraph -->

<!-- wp:paragraph -->
<p><strong>Kommt vorbei, bringt Freunde und Bekannte mit und teilt die Einladung gerne weiter. 🕊️</strong></p>
<!-- /wp:paragraph -->

<!-- wp:paragraph -->
<p><strong>🕊️ Su voz por la paz – Dresde, 03 de octubre de 2026</strong></p>
<!-- /wp:paragraph -->

<!-- wp:paragraph -->
<p><strong>El 3 de octubre los invitamos a Dresde. Juntos queremos enviar un mensaje por la paz, el diálogo, la cohesión y la participación democrática.</strong></p>
<!-- /wp:paragraph -->

<!-- wp:paragraph -->
<p><strong>📍 Plaza del Correo, Dresde</strong><br><strong>🕑 14:00–18:00 horas</strong></p>
<!-- /wp:paragraph -->

<!-- wp:paragraph -->
<p><strong>Con música, intervenciones, encuentros y acciones conjuntas queremos reunir a las personas y fomentar el diálogo.</strong></p>
<!-- /wp:paragraph -->

<!-- wp:paragraph -->
<p><strong>🤝 La paz comienza con el diálogo – y con personas que se involucran.</strong></p>
<!-- /wp:paragraph -->

<!-- wp:paragraph -->
<p><strong>Vengan, traigan amigos y conocidos y compartan la invitación. 🕊️</strong></p>
<!-- /wp:paragraph -->

🕊️ REFERÉNDUM DE PAZ 26 – ¡JUNTOS POR LA PAZ Y LA LIBERTAD! ¡Dresde 03.03.2026!
