{"id":14167,"date":"2025-12-09T03:01:25","date_gmt":"2025-12-09T02:01:25","guid":{"rendered":"https:\/\/okitalk.news\/de\/video\/14167\/automatisch-gespeicherter-entwurf\/"},"modified":"2026-04-20T15:05:59","modified_gmt":"2026-04-20T13:05:59","slug":"roland-hofer-die-cronik-unserer-geschichte-4","status":"publish","type":"okitalk_video","link":"https:\/\/okitalk.news\/de\/video\/roland-hofer-die-cronik-unserer-geschichte-4\/","title":{"rendered":"Roland Hofer \u2013 Die Cronik unserer Geschichte"},"content":{"rendered":"\n<p>Chronik unserer Geschichte Mai 2026 Erst ein kleiner R\u00fcckblick auf die letzte Sendung ( nicht zuletzt wegen schlechtem Ton letztes Mal ( ich werde das Betriebssystem Umstellen aber auch wegen einigen inhaltlichen \u00dcberlegungen unser Universum ist wohl doch 950 Milliarden Jahre alt. <\/p>\n\n\n\n<p>Wie ist das m\u00f6glich? Licht Gibt es Dimmensionen ohne Zeit innerhalb des Universums &#8211; anscheinend schon &#8211; und kleine Wiederholung der echten Merkaba &#8211; danach setzen wir unsere Reise in die ferne Vergangenheit der Menschheit fort und lassen uns \u00fcberraschen was das f\u00fcr unsere Gegenwart bedeutet.<\/p>\n\n\n\n<p>Kontakt Roland Hofer:<\/p>\n\n\n\n<p><strong>Telegram:&nbsp;<a href=\"https:\/\/t.me\/jesaia714\" target=\"_blank\" rel=\"noreferrer noopener\">https:\/\/t.me\/jesaia714<\/a><\/strong><\/p>\n","protected":false},"excerpt":{"rendered":"<p>Chronik unserer Geschichte Mai 2026 Erst ein kleiner R\u00fcckblick auf die letzte Sendung ( nicht zuletzt wegen schlechtem Ton letztes Mal ( ich werde das Betriebssystem Umstellen aber auch wegen einigen inhaltlichen \u00dcberlegungen unser Universum ist wohl doch 950 Milliarden Jahre alt. Wie ist das m\u00f6glich? Licht Gibt es Dimmensionen ohne Zeit innerhalb des Universums [&hellip;]<\/p>\n","protected":false},"featured_media":1030,"menu_order":0,"comment_status":"open","ping_status":"closed","template":"","tags":[1979,34,227],"okitalk_topic":[],"okitalk_guest":[],"class_list":["post-14167","okitalk_video","type-okitalk_video","status-publish","has-post-thumbnail","hentry","tag-geschichte","tag-okitalk","tag-roland-hofer"],"meta":{"_en_post_content":"<!-- wp:paragraph -->\n<p>Chronicle of our history May 2026 First a small look back at the last broadcast (not least due to poor sound last time (I will change the operating system but also due to some content-related considerations our universe is probably 950 billion years old.<\/p>\n<!-- \/wp:paragraph -->\n\n<!-- wp:paragraph -->\n<p>How is that possible? Light Are there dimensions without time within the universe - apparently yes - and a small repetition of the real Merkaba - afterwards we continue our journey into the distant past of humanity and let ourselves be surprised what this means for our present.<\/p>\n<!-- \/wp:paragraph -->\n\n<!-- wp:paragraph -->\n<p>Contact Roland Hofer:<\/p>\n<!-- \/wp:paragraph -->\n\n<!-- wp:paragraph -->\n<p><strong>Telegram:&nbsp;<a href=\"https:\/\/t.me\/jesaia714\" target=\"_blank\" rel=\"noreferrer noopener\">https:\/\/t.me\/jesaia714<\/a><\/strong><\/p>\n<!-- \/wp:paragraph -->","_en_post_excerpt":"","_en_post_title":"Roland Hofer \u2013 The Chronicle of Our History","_en_post_name":"","_de_post_content":"<!-- wp:paragraph -->\n<p>Chronik unserer Geschichte Mai 2026 Erst ein kleiner R\u00fcckblick auf die letzte Sendung ( nicht zuletzt wegen schlechtem Ton letztes Mal ( ich werde das Betriebssystem Umstellen aber auch wegen einigen inhaltlichen \u00dcberlegungen unser Universum ist wohl doch 950 Milliarden Jahre alt. <\/p>\n<!-- \/wp:paragraph -->\n\n<!-- wp:paragraph -->\n<p>Wie ist das m\u00f6glich? Licht Gibt es Dimmensionen ohne Zeit innerhalb des Universums - anscheinend schon - und kleine Wiederholung der echten Merkaba - danach setzen wir unsere Reise in die ferne Vergangenheit der Menschheit fort und lassen uns \u00fcberraschen was das f\u00fcr unsere Gegenwart bedeutet.<\/p>\n<!-- \/wp:paragraph -->\n\n<!-- wp:paragraph -->\n<p>Kontakt Roland Hofer:<\/p>\n<!-- \/wp:paragraph -->\n\n<!-- wp:paragraph -->\n<p><strong>Telegram:&nbsp;<a href=\"https:\/\/t.me\/jesaia714\" target=\"_blank\" rel=\"noreferrer noopener\">https:\/\/t.me\/jesaia714<\/a><\/strong><\/p>\n<!-- \/wp:paragraph -->","_de_post_excerpt":"","_de_post_title":"Roland Hofer \u2013 Die Cronik unserer Geschichte","_de_post_name":"roland-hofer-die-cronik-unserer-geschichte-4","_es_post_content":"<!-- wp:paragraph -->\n<p>Cr\u00f3nica de nuestra historia Mayo 2026 Primero un peque\u00f1o vistazo a la \u00faltima emisi\u00f3n (no menos por el mal sonido la \u00faltima vez (cambiar\u00e9 el sistema operativo pero tambi\u00e9n por algunas consideraciones de contenido nuestro universo parece tener 950 mil millones de a\u00f1os.<\/p>\n<!-- \/wp:paragraph -->\n\n<!-- wp:paragraph -->\n<p>\u00bfC\u00f3mo es eso posible? Luz \u00bfExisten dimensiones sin tiempo dentro del universo - aparentemente s\u00ed - y peque\u00f1a repetici\u00f3n de la verdadera Merkaba - despu\u00e9s continuamos nuestro viaje en el remoto pasado de la humanidad y nos dejamos sorprender por lo que eso significa para nuestro presente.<\/p>\n<!-- \/wp:paragraph -->\n\n<!-- wp:paragraph -->\n<p>Contacto Roland Hofer:<\/p>\n<!-- \/wp:paragraph -->\n\n<!-- wp:paragraph -->\n<p><strong>Telegram:&nbsp;<a href=\"https:\/\/t.me\/jesaia714\" target=\"_blank\" rel=\"noreferrer noopener\">https:\/\/t.me\/jesaia714<\/a><\/strong><\/p>\n<!-- \/wp:paragraph -->","_es_post_excerpt":"","_es_post_title":"Roland Hofer \u2013 La Cr\u00f3nica de nuestra Historia","_es_post_name":"","edit_language":"de"},"_links":{"self":[{"href":"https:\/\/okitalk.news\/de\/wp-json\/wp\/v2\/okitalk_video\/14167","targetHints":{"allow":["GET"]}}],"collection":[{"href":"https:\/\/okitalk.news\/de\/wp-json\/wp\/v2\/okitalk_video"}],"about":[{"href":"https:\/\/okitalk.news\/de\/wp-json\/wp\/v2\/types\/okitalk_video"}],"replies":[{"embeddable":true,"href":"https:\/\/okitalk.news\/de\/wp-json\/wp\/v2\/comments?post=14167"}],"version-history":[{"count":2,"href":"https:\/\/okitalk.news\/de\/wp-json\/wp\/v2\/okitalk_video\/14167\/revisions"}],"predecessor-version":[{"id":16501,"href":"https:\/\/okitalk.news\/de\/wp-json\/wp\/v2\/okitalk_video\/14167\/revisions\/16501"}],"wp:featuredmedia":[{"embeddable":true,"href":"https:\/\/okitalk.news\/de\/wp-json\/wp\/v2\/media\/1030"}],"wp:attachment":[{"href":"https:\/\/okitalk.news\/de\/wp-json\/wp\/v2\/media?parent=14167"}],"wp:term":[{"taxonomy":"post_tag","embeddable":true,"href":"https:\/\/okitalk.news\/de\/wp-json\/wp\/v2\/tags?post=14167"},{"taxonomy":"okitalk_topic","embeddable":true,"href":"https:\/\/okitalk.news\/de\/wp-json\/wp\/v2\/okitalk_topic?post=14167"},{"taxonomy":"okitalk_guest","embeddable":true,"href":"https:\/\/okitalk.news\/de\/wp-json\/wp\/v2\/okitalk_guest?post=14167"}],"curies":[{"name":"wp","href":"https:\/\/api.w.org\/{rel}","templated":true}]}}

<p>Chronik unserer Geschichte Mai 2026 Erst ein kleiner Rückblick auf die letzte Sendung ( nicht zuletzt wegen schlechtem Ton letztes Mal ( ich werde das Betriebssystem Umstellen aber auch wegen einigen inhaltlichen Überlegungen unser Universum ist wohl doch 950 Milliarden Jahre alt. </p>



<p>Wie ist das möglich? Licht Gibt es Dimmensionen ohne Zeit innerhalb des Universums &#8211; anscheinend schon &#8211; und kleine Wiederholung der echten Merkaba &#8211; danach setzen wir unsere Reise in die ferne Vergangenheit der Menschheit fort und lassen uns überraschen was das für unsere Gegenwart bedeutet.</p>



<p>Kontakt Roland Hofer:</p>



<p><strong>Telegram:&nbsp;<a href="https://t.me/jesaia714" target="_blank" rel="noreferrer noopener">https://t.me/jesaia714</a></strong></p>

<p>Chronik unserer Geschichte Mai 2026 Erst ein kleiner Rückblick auf die letzte Sendung ( nicht zuletzt wegen schlechtem Ton letztes Mal ( ich werde das Betriebssystem Umstellen aber auch wegen einigen inhaltlichen Überlegungen unser Universum ist wohl doch 950 Milliarden Jahre alt. Wie ist das möglich? Licht Gibt es Dimmensionen ohne Zeit innerhalb des Universums [&hellip;]</p>

<!-- wp:paragraph -->
<p>Chronik unserer Geschichte Mai 2026 Erst ein kleiner Rückblick auf die letzte Sendung ( nicht zuletzt wegen schlechtem Ton letztes Mal ( ich werde das Betriebssystem Umstellen aber auch wegen einigen inhaltlichen Überlegungen unser Universum ist wohl doch 950 Milliarden Jahre alt. </p>
<!-- /wp:paragraph -->

<!-- wp:paragraph -->
<p>Wie ist das möglich? Licht Gibt es Dimmensionen ohne Zeit innerhalb des Universums - anscheinend schon - und kleine Wiederholung der echten Merkaba - danach setzen wir unsere Reise in die ferne Vergangenheit der Menschheit fort und lassen uns überraschen was das für unsere Gegenwart bedeutet.</p>
<!-- /wp:paragraph -->

<!-- wp:paragraph -->
<p>Kontakt Roland Hofer:</p>
<!-- /wp:paragraph -->

<!-- wp:paragraph -->
<p><strong>Telegram:&nbsp;<a href="https://t.me/jesaia714" target="_blank" rel="noreferrer noopener">https://t.me/jesaia714</a></strong></p>
<!-- /wp:paragraph -->

<!-- wp:paragraph -->
<p>Crónica de nuestra historia Mayo 2026 Primero un pequeño vistazo a la última emisión (no menos por el mal sonido la última vez (cambiaré el sistema operativo pero también por algunas consideraciones de contenido nuestro universo parece tener 950 mil millones de años.</p>
<!-- /wp:paragraph -->

<!-- wp:paragraph -->
<p>¿Cómo es eso posible? Luz ¿Existen dimensiones sin tiempo dentro del universo - aparentemente sí - y pequeña repetición de la verdadera Merkaba - después continuamos nuestro viaje en el remoto pasado de la humanidad y nos dejamos sorprender por lo que eso significa para nuestro presente.</p>
<!-- /wp:paragraph -->

<!-- wp:paragraph -->
<p>Contacto Roland Hofer:</p>
<!-- /wp:paragraph -->

<!-- wp:paragraph -->
<p><strong>Telegram:&nbsp;<a href="https://t.me/jesaia714" target="_blank" rel="noreferrer noopener">https://t.me/jesaia714</a></strong></p>
<!-- /wp:paragraph -->

Roland Hofer – La Crónica de nuestra Historia
